{"id":9,"date":"2025-02-24T14:58:23","date_gmt":"2025-02-24T13:58:23","guid":{"rendered":"https:\/\/ecoliers-cyclistes.avelomalo.fr\/?page_id=9"},"modified":"2025-02-26T17:57:31","modified_gmt":"2025-02-26T16:57:31","slug":"contact","status":"publish","type":"page","link":"https:\/\/ecoliers-cyclistes.avelomalo.fr\/index.php\/contact\/","title":{"rendered":"Contact"},"content":{"rendered":"\n<p><\/p>\n\n\n\n<ul class=\"wp-block-list\">\n<li>Questions relatives au site Web et au tableau de r\u00e9sultat : adresser un mail \u00e0 contact@ecoles<\/li>\n<\/ul>\n\n\n\n<ul class=\"wp-block-list\">\n<li>Questions r\u00e9latives au d\u00e9roulement du Troph\u00e9e : mail \u00e0 sma@fftttttttt.fr<\/li>\n<\/ul>\n","protected":false},"excerpt":{"rendered":"","protected":false},"author":1,"featured_media":0,"parent":0,"menu_order":0,"comment_status":"closed","ping_status":"closed","template":"","meta":{"footnotes":""},"class_list":["post-9","page","type-page","status-publish","hentry"],"_links":{"self":[{"href":"https:\/\/ecoliers-cyclistes.avelomalo.fr\/index.php\/wp-json\/wp\/v2\/pages\/9","targetHints":{"allow":["GET"]}}],"collection":[{"href":"https:\/\/ecoliers-cyclistes.avelomalo.fr\/index.php\/wp-json\/wp\/v2\/pages"}],"about":[{"href":"https:\/\/ecoliers-cyclistes.avelomalo.fr\/index.php\/wp-json\/wp\/v2\/types\/page"}],"author":[{"embeddable":true,"href":"https:\/\/ecoliers-cyclistes.avelomalo.fr\/index.php\/wp-json\/wp\/v2\/users\/1"}],"replies":[{"embeddable":true,"href":"https:\/\/ecoliers-cyclistes.avelomalo.fr\/index.php\/wp-json\/wp\/v2\/comments?post=9"}],"version-history":[{"count":3,"href":"https:\/\/ecoliers-cyclistes.avelomalo.fr\/index.php\/wp-json\/wp\/v2\/pages\/9\/revisions"}],"predecessor-version":[{"id":46,"href":"https:\/\/ecoliers-cyclistes.avelomalo.fr\/index.php\/wp-json\/wp\/v2\/pages\/9\/revisions\/46"}],"wp:attachment":[{"href":"https:\/\/ecoliers-cyclistes.avelomalo.fr\/index.php\/wp-json\/wp\/v2\/media?parent=9"}],"curies":[{"name":"wp","href":"https:\/\/api.w.org\/{rel}","templated":true}]}}