{"id":7,"date":"2025-02-24T14:58:23","date_gmt":"2025-02-24T13:58:23","guid":{"rendered":"https:\/\/ecoliers-cyclistes.avelomalo.fr\/?page_id=7"},"modified":"2025-03-20T20:45:26","modified_gmt":"2025-03-20T19:45:26","slug":"velo-saint-malo-trophee","status":"publish","type":"page","link":"https:\/\/ecoliers-cyclistes.avelomalo.fr\/","title":{"rendered":"Semaine 2025 des \u00c9coliers Cyclistes de Saint-Malo Agglom\u00e9ration"},"content":{"rendered":"\n<p><\/p>\n\n\n\n<p><\/p>\n\n\n\n<div class=\"wp-block-group alignwide\"><div class=\"wp-block-group__inner-container is-layout-flow wp-block-group-is-layout-flow\">\n<h2 class=\"wp-block-heading has-text-align-center\">Edition 2025<\/h2>\n<\/div><\/div>\n\n\n\n<div class=\"wp-block-group alignwide\"><div class=\"wp-block-group__inner-container is-layout-flow wp-block-group-is-layout-flow\">\n<h2 class=\"wp-block-heading has-text-align-left has-accent-color has-text-color\">Organisation et Principes<\/h2>\n\n\n\n<p>Depuis plus de 10 ans, l&#8217;<strong>Association A V\u00e9lo Malo<\/strong> \u0153uvre \u00e0 la promotion du V\u00e9lo au Quotidien sur le <strong>territoire de St Malo Agglo<\/strong>. <\/p>\n\n\n\n<p>Dans le cadre de l\u2019\u00e9v\u00e8nement national \u00ab\u00a0<strong><em>Mai \u00e0 V\u00e9lo : pour adopter le v\u00e9lo&#8230; pour la vie !<\/em><\/strong>\u00a0\u00bb,\u00a0l&#8217;Association A V\u00e9lo Malo et la Communaut\u00e9 de communes St Malo Agglo ont invit\u00e9\u00a0les \u00e9coles primaires \u00e0 participer \u00e0 la <strong><strong>\u00ab<\/strong><\/strong> <strong>Semaine 2025 des Ecoliers Cyclistes <strong>\u00bb<\/strong><\/strong>, qui reprend les modalit\u00e9s des \u00e9ditions 2023 et 2024  du\u00a0<strong>\u00ab\u00a0Troph\u00e9e de l\u2019Ecolier Cycliste\u00a0\u00bb<\/strong>, en abandonnant le principe d&#8217;un classement, pour mettre l&#8217;accent sur le caract\u00e8re participatif de cet \u00e9v\u00e8nement. <strong>Le but de cette Semaine est de montrer aux enfants, aux parents, \u00e0 tous que le v\u00e9lo peut \u00eatre un moyen acceptable et b\u00e9n\u00e9fique pour tous ou partie des trajets quotidiens &#8220;Domicile \/ Ecole&#8221;, selon les conditions et contraintes de chacun.<\/strong><\/p>\n<\/div><\/div>\n\n\n\n<p>Du Lundi 19 Mai au Vendredi 23 mai 2025, chaque directeur\u2e31trice d\u2019\u00e9cole ou chaque R\u00e9f\u00e9rent de l&#8217;\u00e9cole est invit\u00e9 \u00e0 comptabiliser\u00a0le nombre de v\u00e9los stationn\u00e9s dans son \u00e9tablissement pendant l&#8217;op\u00e9ration.<\/p>\n\n\n\n<p>Un <strong>dipl\u00f4me de participation<\/strong> sera remis \u00e0 tous les \u00e9l\u00e8ves. Selon les envies de chacun, il sera possible de consulter le niveau de participation de chaque \u00e9cole. <\/p>\n\n\n\n<p>Vous trouverez sur ce site <strong>4 pages qui vous aideront au d\u00e9roulement de cette Semaine 2025 des Ecoliers Cyclistes<\/strong>.<\/p>\n\n\n\n<p><\/p>\n\n\n\n<p><\/p>\n","protected":false},"excerpt":{"rendered":"<p>Edition 2025 Organisation et Principes Depuis plus de 10 ans, l&#8217;Association A V\u00e9lo Malo \u0153uvre \u00e0 la promotion du V\u00e9lo au Quotidien sur le territoire de St Malo Agglo. Dans le cadre de l\u2019\u00e9v\u00e8nement national \u00ab\u00a0Mai \u00e0 V\u00e9lo : pour adopter le v\u00e9lo&#8230; pour la vie !\u00a0\u00bb,\u00a0l&#8217;Association A V\u00e9lo Malo et la Communaut\u00e9 de communes [&hellip;]<\/p>\n","protected":false},"author":1,"featured_media":868,"parent":0,"menu_order":0,"comment_status":"closed","ping_status":"closed","template":"","meta":{"footnotes":""},"class_list":["post-7","page","type-page","status-publish","has-post-thumbnail","hentry"],"_links":{"self":[{"href":"https:\/\/ecoliers-cyclistes.avelomalo.fr\/index.php\/wp-json\/wp\/v2\/pages\/7","targetHints":{"allow":["GET"]}}],"collection":[{"href":"https:\/\/ecoliers-cyclistes.avelomalo.fr\/index.php\/wp-json\/wp\/v2\/pages"}],"about":[{"href":"https:\/\/ecoliers-cyclistes.avelomalo.fr\/index.php\/wp-json\/wp\/v2\/types\/page"}],"author":[{"embeddable":true,"href":"https:\/\/ecoliers-cyclistes.avelomalo.fr\/index.php\/wp-json\/wp\/v2\/users\/1"}],"replies":[{"embeddable":true,"href":"https:\/\/ecoliers-cyclistes.avelomalo.fr\/index.php\/wp-json\/wp\/v2\/comments?post=7"}],"version-history":[{"count":12,"href":"https:\/\/ecoliers-cyclistes.avelomalo.fr\/index.php\/wp-json\/wp\/v2\/pages\/7\/revisions"}],"predecessor-version":[{"id":872,"href":"https:\/\/ecoliers-cyclistes.avelomalo.fr\/index.php\/wp-json\/wp\/v2\/pages\/7\/revisions\/872"}],"wp:featuredmedia":[{"embeddable":true,"href":"https:\/\/ecoliers-cyclistes.avelomalo.fr\/index.php\/wp-json\/wp\/v2\/media\/868"}],"wp:attachment":[{"href":"https:\/\/ecoliers-cyclistes.avelomalo.fr\/index.php\/wp-json\/wp\/v2\/media?parent=7"}],"curies":[{"name":"wp","href":"https:\/\/api.w.org\/{rel}","templated":true}]}}

Semaine 2025 des Écoliers Cyclistes de Saint-Malo Agglomération

<p></p>



<p></p>



<div class="wp-block-group alignwide"><div class="wp-block-group__inner-container is-layout-flow wp-block-group-is-layout-flow">
<h2 class="wp-block-heading has-text-align-center">Edition 2025</h2>
</div></div>



<div class="wp-block-group alignwide"><div class="wp-block-group__inner-container is-layout-flow wp-block-group-is-layout-flow">
<h2 class="wp-block-heading has-text-align-left has-accent-color has-text-color">Organisation et Principes</h2>



<p>Depuis plus de 10 ans, l&#8217;<strong>Association A Vélo Malo</strong> œuvre à la promotion du Vélo au Quotidien sur le <strong>territoire de St Malo Agglo</strong>. </p>



<p>Dans le cadre de l’évènement national « <strong><em>Mai à Vélo : pour adopter le vélo&#8230; pour la vie !</em></strong> », l&#8217;Association A Vélo Malo et la Communauté de communes St Malo Agglo ont invité les écoles primaires à participer à la <strong><strong>«</strong></strong> <strong>Semaine 2025 des Ecoliers Cyclistes <strong>»</strong></strong>, qui reprend les modalités des éditions 2023 et 2024  du <strong>« Trophée de l’Ecolier Cycliste »</strong>, en abandonnant le principe d&#8217;un classement, pour mettre l&#8217;accent sur le caractère participatif de cet évènement. <strong>Le but de cette Semaine est de montrer aux enfants, aux parents, à tous que le vélo peut être un moyen acceptable et bénéfique pour tous ou partie des trajets quotidiens &#8220;Domicile / Ecole&#8221;, selon les conditions et contraintes de chacun.</strong></p>
</div></div>



<p>Du Lundi 19 Mai au Vendredi 23 mai 2025, chaque directeur⸱trice d’école ou chaque Référent de l&#8217;école est invité à comptabiliser le nombre de vélos stationnés dans son établissement pendant l&#8217;opération.</p>



<p>Un <strong>diplôme de participation</strong> sera remis à tous les élèves. Selon les envies de chacun, il sera possible de consulter le niveau de participation de chaque école. </p>



<p>Vous trouverez sur ce site <strong>4 pages qui vous aideront au déroulement de cette Semaine 2025 des Ecoliers Cyclistes</strong>.</p>



<p></p>



<p></p>

<p>Edition 2025 Organisation et Principes Depuis plus de 10 ans, l&#8217;Association A Vélo Malo œuvre à la promotion du Vélo au Quotidien sur le territoire de St Malo Agglo. Dans le cadre de l’évènement national « Mai à Vélo : pour adopter le vélo&#8230; pour la vie ! », l&#8217;Association A Vélo Malo et la Communauté de communes [&hellip;]</p>
