{"id":63,"date":"2025-02-27T19:29:42","date_gmt":"2025-02-27T18:29:42","guid":{"rendered":"https:\/\/ecoliers-cyclistes.avelomalo.fr\/?page_id=63"},"modified":"2025-02-28T10:05:00","modified_gmt":"2025-02-28T09:05:00","slug":"bilan-trophee-2024","status":"publish","type":"page","link":"https:\/\/ecoliers-cyclistes.avelomalo.fr\/index.php\/bilan-trophee-2024\/","title":{"rendered":"Bilan Troph\u00e9e 2024"},"content":{"rendered":"\n<p>La participation au Troph\u00e9e 2024 a \u00e9t\u00e9 un succ\u00e8s, avec taux de 35%. On a comptabilis\u00e9 : <\/p>\n\n\n\n<ul class=\"wp-block-list\">\n<li>23 \u00e9coles<\/li>\n\n\n\n<li>2097 \u00e9l\u00e8ves<\/li>\n\n\n\n<li>4072 trajets<\/li>\n<\/ul>\n\n\n\n<p>L&#8217;\u00e9cole de St Suliac a gagn\u00e9 le troph\u00e9e, comme en 2023. Mais la politique<strong> <\/strong>des<strong> <\/strong>quartiers a port\u00e9 ses fruits avec la 3\u00b0<strong> <\/strong>position<strong> <\/strong>pour<strong> <\/strong>l\u2019\u00e9cole<strong> <\/strong>de<strong> <\/strong>la<strong> <\/strong>D\u00e9couverte<\/p>\n","protected":false},"excerpt":{"rendered":"<p>La participation au Troph\u00e9e 2024 a \u00e9t\u00e9 un succ\u00e8s, avec taux de 35%. On a comptabilis\u00e9 : L&#8217;\u00e9cole de St Suliac a gagn\u00e9 le troph\u00e9e, comme en 2023. Mais la politique des quartiers a port\u00e9 ses fruits avec la 3\u00b0 position pour l\u2019\u00e9cole de la D\u00e9couverte<\/p>\n","protected":false},"author":1,"featured_media":66,"parent":0,"menu_order":0,"comment_status":"closed","ping_status":"closed","template":"","meta":{"footnotes":""},"class_list":["post-63","page","type-page","status-publish","has-post-thumbnail","hentry"],"_links":{"self":[{"href":"https:\/\/ecoliers-cyclistes.avelomalo.fr\/index.php\/wp-json\/wp\/v2\/pages\/63","targetHints":{"allow":["GET"]}}],"collection":[{"href":"https:\/\/ecoliers-cyclistes.avelomalo.fr\/index.php\/wp-json\/wp\/v2\/pages"}],"about":[{"href":"https:\/\/ecoliers-cyclistes.avelomalo.fr\/index.php\/wp-json\/wp\/v2\/types\/page"}],"author":[{"embeddable":true,"href":"https:\/\/ecoliers-cyclistes.avelomalo.fr\/index.php\/wp-json\/wp\/v2\/users\/1"}],"replies":[{"embeddable":true,"href":"https:\/\/ecoliers-cyclistes.avelomalo.fr\/index.php\/wp-json\/wp\/v2\/comments?post=63"}],"version-history":[{"count":3,"href":"https:\/\/ecoliers-cyclistes.avelomalo.fr\/index.php\/wp-json\/wp\/v2\/pages\/63\/revisions"}],"predecessor-version":[{"id":69,"href":"https:\/\/ecoliers-cyclistes.avelomalo.fr\/index.php\/wp-json\/wp\/v2\/pages\/63\/revisions\/69"}],"wp:featuredmedia":[{"embeddable":true,"href":"https:\/\/ecoliers-cyclistes.avelomalo.fr\/index.php\/wp-json\/wp\/v2\/media\/66"}],"wp:attachment":[{"href":"https:\/\/ecoliers-cyclistes.avelomalo.fr\/index.php\/wp-json\/wp\/v2\/media?parent=63"}],"curies":[{"name":"wp","href":"https:\/\/api.w.org\/{rel}","templated":true}]}}

Bilan Trophée 2024

<p>La participation au Trophée 2024 a été un succès, avec taux de 35%. On a comptabilisé : </p>



<ul class="wp-block-list">
<li>23 écoles</li>



<li>2097 élèves</li>



<li>4072 trajets</li>
</ul>



<p>L&#8217;école de St Suliac a gagné le trophée, comme en 2023. Mais la politique<strong> </strong>des<strong> </strong>quartiers a porté ses fruits avec la 3°<strong> </strong>position<strong> </strong>pour<strong> </strong>l’école<strong> </strong>de<strong> </strong>la<strong> </strong>Découverte</p>

<p>La participation au Trophée 2024 a été un succès, avec taux de 35%. On a comptabilisé : L&#8217;école de St Suliac a gagné le trophée, comme en 2023. Mais la politique des quartiers a porté ses fruits avec la 3° position pour l’école de la Découverte</p>
