{"id":111,"date":"2025-03-01T09:13:15","date_gmt":"2025-03-01T08:13:15","guid":{"rendered":"https:\/\/ecoliers-cyclistes.avelomalo.fr\/?page_id=111"},"modified":"2025-03-19T23:47:26","modified_gmt":"2025-03-19T22:47:26","slug":"saisie-comptage","status":"publish","type":"page","link":"https:\/\/ecoliers-cyclistes.avelomalo.fr\/index.php\/saisie-comptage\/","title":{"rendered":"Mise \u00e0 jour du R\u00e9f\u00e9rentiel"},"content":{"rendered":"","protected":true},"excerpt":{"rendered":"","protected":true},"author":1,"featured_media":0,"parent":0,"menu_order":0,"comment_status":"closed","ping_status":"closed","template":"","meta":{"footnotes":""},"class_list":["post-111","page","type-page","status-publish","post-password-required","hentry"],"_links":{"self":[{"href":"https:\/\/ecoliers-cyclistes.avelomalo.fr\/index.php\/wp-json\/wp\/v2\/pages\/111","targetHints":{"allow":["GET"]}}],"collection":[{"href":"https:\/\/ecoliers-cyclistes.avelomalo.fr\/index.php\/wp-json\/wp\/v2\/pages"}],"about":[{"href":"https:\/\/ecoliers-cyclistes.avelomalo.fr\/index.php\/wp-json\/wp\/v2\/types\/page"}],"author":[{"embeddable":true,"href":"https:\/\/ecoliers-cyclistes.avelomalo.fr\/index.php\/wp-json\/wp\/v2\/users\/1"}],"replies":[{"embeddable":true,"href":"https:\/\/ecoliers-cyclistes.avelomalo.fr\/index.php\/wp-json\/wp\/v2\/comments?post=111"}],"version-history":[{"count":104,"href":"https:\/\/ecoliers-cyclistes.avelomalo.fr\/index.php\/wp-json\/wp\/v2\/pages\/111\/revisions"}],"predecessor-version":[{"id":738,"href":"https:\/\/ecoliers-cyclistes.avelomalo.fr\/index.php\/wp-json\/wp\/v2\/pages\/111\/revisions\/738"}],"wp:attachment":[{"href":"https:\/\/ecoliers-cyclistes.avelomalo.fr\/index.php\/wp-json\/wp\/v2\/media?parent=111"}],"curies":[{"name":"wp","href":"https:\/\/api.w.org\/{rel}","templated":true}]}}

Mise à jour du Référentiel
